t is the greatest common divisor of 172938584 and 364?
364
What is the highest common factor of 2502 and 764018226?
2502
What is the highest common divisor of 214 and 31597742?
214
Calculate the highest common factor of 1903 and 41437.
11
Calculate the greatest common divisor of 948637 and 438025.
2503
What is the highest common divisor of 5529 and 40261?
19
Calculate the greatest common divisor of 1499408 and 4712.
248
What is the highest common divisor of 3169 and 449?
1
What is the greatest common factor of 7 and 52132843?
7
What is the highest common factor of 1161 and 1227501?
27
Calculate the highest common divisor of 15 and 3239240.
5
What is the greatest common divisor of 6954 and 1714317465?
3477
What is the greatest common factor of 2649169 and 10919?
61
What is the highest common factor of 42047 and 9253?
19
Calculate the greatest common factor of 136472962 and 683.
683
Calculate the highest common divisor of 375 and 5474415.
15
What is the highest common divisor of 28144042 and 322?
46
What is the greatest common divisor of 475451 and 15179?
43
What is the greatest common divisor of 15 and 1599185?
5
Calculate the greatest common divisor of 2121 and 22580166.
2121
What is the greatest common factor of 689948 and 656082?
574
Calculate the highest common factor of 3337408 and 3904.
64
Calculate the greatest common factor of 2004 and 93183996.
2004
Calculate the highest common factor of 1470 and 105890.
10
What is the highest common divisor of 214 and 1239251851?
107
What is the greatest common divisor of 208615851 and 18?
9
What is the highest common factor of 810821 and 5929?
121
What is the greatest common divisor of 2650348 and 8417?
19
What is the greatest common factor of 10170756 and 24323?
1871
What is the greatest common divisor of 266 and 863310?
14
What is the greatest common divisor of 11383254 and 3132?
1566
Calculate the greatest common divisor of 430896593 and 19393.
1763
Calculate the highest common divisor of 980 and 982156.
196
What is the highest common divisor of 146890 and 5982790?
3970
Calculate the greatest common divisor of 6717440 and 72570.
410
What is the highest common divisor of 1268 and 1694468?
4
What is the highest common divisor of 15375 and 7008909?
123
Calculate the greatest common divisor of 747903 and 53907.
453
What is the greatest common divisor of 60 and 1489840?
20
Calculate the greatest common factor of 3404108 and 1016.
508
What is the highest common divisor of 4751844 and 1677?
129
What is the highest common factor of 4480 and 55244?
28
What is the highest common divisor of 7172829 and 33?
3
Calculate the highest common divisor of 444700 and 5400.
100
Calculate the highest common divisor of 10037484 and 144.
36
What is the highest common divisor of 3893449 and 318857?
707
Calculate the greatest common factor of 848569 and 206886.
841
What is the greatest common factor of 173511 and 3757?
13
Calculate the greatest common factor of 117868803 and 2085.
417
What is the highest common divisor of 717175 and 3175?
25
What is the greatest common divisor of 4056 and 12506000?
1352
What is the greatest common factor of 55108 and 84762094?
1198
Calculate the highest common divisor of 282462480 and 4896.
2448
Calculate the highest common divisor of 50 and 176325.
25
Calculate the highest common divisor of 391706 and 141050.
14
What is the highest common factor of 15323 and 67414633?
2189
What is the greatest common divisor of 23475 and 101175?
75
Calculate the highest common divisor of 24921024 and 20935.
4187
Calculate the greatest common factor of 56711956 and 7.
7
What is the highest common factor of 18551503 and 29?
29
Calculate the greatest common divisor of 1352 and 26549900.
676
Calculate the highest common factor of 573 and 11265371.
191
What is the greatest common divisor of 2508378 and 59644?
74
What is the greatest common factor of 23134877 and 362?
181
Calculate the highest common divisor of 114 and 24903243.
57
Calculate the highest common factor of 32 and 5263330656.
32
What is the greatest common divisor of 146 and 68012932?
146
Calculate the greatest common divisor of 1750 and 84267750.
1750
Calculate the highest common factor of 190918 and 64792.
182
What is the highest common factor of 1740589513 and 13?
13
Calculate the greatest common factor of 30758980 and 2340.
20
Calculate the highest common factor of 966901 and 702.
13
Calculate the greatest common divisor of 61562242 and 11630.
2326
Calculate the highest common divisor of 207209 and 555092.
1901
What is the highest common factor of 363164 and 201468?
652
What is the highest common divisor of 1113746 and 4?
2
What is the greatest common factor of 100040587 and 73?
73
Calculate the highest common divisor of 19404414 and 435159.
6129
Calculate the highest common divisor of 1030950 and 88218.
522
What is the greatest common factor of 56274 and 52290?
498
Calculate the highest common divisor of 96368 and 3224.
8
What is the greatest common factor of 27469636 and 69?
23
What is the greatest common divisor of 60 and 1184284?
4
Calculate the greatest common factor of 600 and 1330607800.
200
What is the greatest common factor of 41099 and 94021?
563
Calculate the highest common factor of 612 and 15259914.
306
What is the highest common factor of 180553 and 6441419?
2543
Calculate the greatest common factor of 1546454 and 1462006.
5278
Calculate the greatest common factor of 3952053 and 567.
63
Calculate the highest common factor of 686 and 1102108.
98
Calculate the greatest common factor of 541 and 678764027.
541
Calculate the highest common factor of 26091 and 451854.
117
What is the highest common divisor of 2835 and 3122770?
35
What is the highest common factor of 33 and 144441627?
33
Calculate the highest common factor of 370953 and 1551.
33
What is the greatest common divisor of 10656 and 4382919?
9
Calculate the greatest common factor of 7725872 and 3976.
56
Calculate the highest common factor of 410 and 441920.
10
Calculate the highest common divisor of 48064 and 524198.
1502
Calculate the greatest common factor of 1540 and 45867316.
44
Calculate the greatest common divisor of 2522725 and 995695.
4465
What is the highest common divisor of 723708 and 92?
4
What is the highest common divisor of 24 and 3553856?
8
What is the highest common divisor of 37713912 and 7536?
3768
Calculate the greatest common factor of 2833170 and 10.
10
Calculate the highest common divisor of 680301 and 220023.
2529
What is the highest common divisor of 1702077 and 494?
247
Calculate the highest common divisor of 31262193 and 1143.
1143
Calculate the highest common divisor of 78 and 272184.
6
Calculate the highest common factor of 57556300 and 14500.
2900
What is the highest common factor of 1144845 and 1255995?
11115
Calculate the highest common factor of 345 and 388982808.
69
Calculate the highest common divisor of 24254566 and 14.
14
What is the greatest common divisor of 87571286 and 220?
22
What is the greatest common factor of 1577592 and 2808?
72
Calculate the highest common divisor of 744651 and 1568430.
1413
What is the highest common divisor of 1273191722 and 66?
22
Calculate the greatest common divisor of 17019 and 53149239.
549
Calculate the highest common factor of 6330 and 207330.
30
Calculate the greatest common factor of 380 and 45463732.
76
Calculate the highest common factor of 5926671 and 24753.
669
Calculate the highest common factor of 1791 and 113453880.
597
What is the highest common factor of 184 and 343768?
8
Calculate the greatest common divisor of 18483103 and 859.
859
What is the greatest common divisor of 401 and 17678?
1
Calculate the greatest common factor of 246130 and 15485.
815
Calculate the highest common factor of 25379820 and 48.
12
Calculate the highest common divisor of 11787195 and 725.
145
Calculate the highest common divisor of 2373 and 13003249.
791
Calculate the greatest common divisor of 305181 and 508.
127
What is the highest common factor of 7749 and 21308643?
1107
What is the highest common factor of 2838268 and 1442?
206
What is the highest common factor of 3377 and 436247?
307
Calculate the greatest common divisor of 197010 and 19206.
198
What is the greatest common factor of 22687320 and 150?
30
Calc